1?
11011001
In base 14, what is -3 - -14c?
149
In base 6, what is -245 + -5?
-254
In base 12, what is 73 - 0?
73
In base 8, what is -7740 + 0?
-7740
In base 9, what is -5 + 243?
237
In base 12, what is 257 + 14?
26b
In base 12, what is 4 + -4827?
-4823
In base 15, what is -d + -655?
-663
In base 7, what is 56 + -11?
45
In base 11, what is 1 - -79?
7a
In base 9, what is -5 + -6377?
-6383
In base 15, what is -19 - 40?
-59
In base 12, what is 6 + b6b?
b75
In base 3, what is -210 + -11201?
-12111
In base 5, what is -4101 - -3?
-4043
In base 11, what is 0 + -202?
-202
In base 9, what is 347 + 3?
351
In base 8, what is 112 + -110?
2
In base 14, what is -10 + -38?
-48
In base 15, what is -15 - 4?
-19
In base 12, what is -137 - -a3?
-54
In base 6, what is -14144 + 1?
-14143
In base 10, what is -7473 + 0?
-7473
In base 6, what is 4 + 11?
15
In base 6, what is -343 - 4?
-351
In base 2, what is -10011101001 - 1?
-10011101010
In base 15, what is 20 - 9?
16
In base 13, what is -337 - -16?
-321
In base 13, what is -3b + -33?
-71
In base 7, what is 3 + -150?
-144
In base 7, what is -33 + 24?
-6
In base 15, what is -6 + c2?
bb
In base 5, what is -22330 + -1?
-22331
In base 9, what is -10 - -20?
10
In base 15, what is 67 - -3?
6a
In base 13, what is 1 + -415?
-414
In base 2, what is 1011110001 + 1001?
1011111010
In base 6, what is -2040 - 21?
-2101
In base 6, what is -22 - -2?
-20
In base 12, what is -4 - 10b7?
-10bb
In base 15, what is -52 - -b0?
5d
In base 15, what is -102 - 4?
-106
In base 4, what is -3 + -100110?
-100113
In base 12, what is -88 - 5?
-91
In base 6, what is 104 + 103?
211
In base 2, what is -100111110 - -11111?
-100011111
In base 16, what is 149 + -2?
147
In base 5, what is -3 - -102433?
102430
In base 10, what is 6 + -939?
-933
In base 10, what is 5499 - 2?
5497
In base 6, what is -24 - -30?
2
In base 9, what is 2 + 2354?
2356
In base 13, what is 2 - 37?
-35
In base 14, what is -d - 40?
-4d
In base 7, what is 3 + 20?
23
In base 13, what is -2b - -2?
-29
In base 3, what is -11102210 - -10?
-11102200
In base 6, what is 14131 - -1?
14132
In base 14, what is -2 - 162?
-164
In base 14, what is 2b96 - -1?
2b97
In base 13, what is -7c4 + 2?
-7c2
In base 14, what is 186 + -10?
176
In base 14, what is 2dc0 - -3?
2dc3
In base 2, what is -100 - -10111?
10011
In base 4, what is -122222 + -1?
-122223
In base 14, what is 12 - -1b?
2d
In base 13, what is 104 - 1?
103
In base 12, what is -685 - 5?
-68a
In base 14, what is a4 - 7?
9b
In base 13, what is -84b + 0?
-84b
In base 7, what is 3 + 101?
104
In base 10, what is -22311 - -1?
-22310
In base 15, what is 6a + 108?
173
In base 16, what is 577e + 1?
577f
In base 9, what is 2 - -1541?
1543
In base 3, what is -121 + -100?
-221
In base 5, what is 341 - -12?
403
In base 16, what is 1f7 - 2?
1f5
In base 11, what is 471 - -2?
473
In base 5, what is 30240 - -4?
30244
In base 16, what is -2 + -126c?
-126e
In base 8, what is 2 - -376?
400
In base 10, what is 391 - 3?
388
In base 4, what is -211 - -3?
-202
In base 12, what is -33 + -6?
-39
In base 6, what is 43 - -42?
125
In base 11, what is -15 - -620?
606
In base 9, what is 2016 + 3?
2020
In base 14, what is 10737 - 0?
10737
In base 16, what is 5 + c?
11
In base 4, what is -12 + -33212?
-33230
In base 3, what is 10101 + 112?
10220
In base 11, what is 2 - -30?
32
In base 5, what is -3 + 100311?
100303
In base 8, what is -2403 + -1?
-2404
In base 10, what is 91 + 8?
99
In base 15, what is -12 - 3?
-15
In base 13, what is -136 - 63?
-199
In base 15, what is 2 + -26?
-24
In base 14, what is 7 + 4b?
54
In base 11, what is -373 + -1?
-374
In base 5, what is 20 + -3?
12
In base 10, what is 99 - 4?
95
In base 7, what is 201 - 3?
165
In base 14, what is -3 - -1cac?
1ca9
In base 8, what is -3 - 3?
-6
In base 7, what is -30 + -2?
-32
In base 8, what is -31 - 5?
-36
In base 3, what is 101 + -11?
20
In base 9, what is 0 - -217?
217
In base 11, what is -4 - 36?
-3a
In base 11, what is 1636 - 5?
1631
In base 7, what is -2 + -4634?
-4636
In base 14, what is 1b + -2?
19
In base 3, what is 1 - -2101200?
2101201
In base 5, what is -4 + -3013?
-3022
In base 15, what is -5 + -88?
-8d
In base 5, what is -10 + 1112?
1102
In base 13, what is 21 + 3?
24
In base 16, what is -4deb - 2?
-4ded
In base 16, what is 8 + -248?
-240
In base 2, what is -111 - 10110?
-11101
In base 3, what is 1212 + -2002?
-20
In base 10, what is 3 + -2562?
-2559
In base 11, what is -52 - 9?
-60
In base 3, what is -111121 - 101?
-111222
In base 8, what is -31 - 344?
-375
In base 3, what is 22 + 1100?
1122
In base 5, what is 3 - -340?
343
In base 16, what is 38 - 31?
7
In base 6, what is 415 - -23?
442
In base 15, what is -d + 3?
-a
In base 6, what is 1401 - -1?
1402
In base 6, what is 44 + -3?
41
In base 7, what is -2136 - -2?
-2134
In base 14, what is 632 - 2?
630
In base 8, what is 0 - -40?
40
In base 7, what is -442 + 5?
-434
In base 11, what is 0 - 1a?
-1a
In base 16, what is -b + -1d?
-28
In base 11, what is -60 - -18?
-43
In base 6, what is -3 + -254?
-301
In base 16, what is 1 - -55?
56
In base 6, what is 113 + 115?
232
In base 14, what is 145b + -3?
1458
In base 5, what is 114 + 13?
132
In base 14, what is -88 + 0?
-88
In base 9, what is -1566 - 1?
-1567
In base 2, what is 100101110 + -1?
100101101
In base 10, what is -3 + -164?
-167
In base 12, what is -9 + -18?
-25
In base 6, what is -4 - -140?
132
In base 9, what is -34333 - 3?
-34336
In base 14, what is -b - 32d?
-33a
In base 12, what is 3 - -3a?
41
In base 4, what is 110211 - 30?
110121
In base 11, what is -1342 + 4?
-1339
In base 6, what is 333 - -21?
354
In base 8, what is -445 + -117?
-564
In base 12, what is -7133 - 3?
-7136
In base 8, what is 1730 - -11?
1741
In base 13, what is 584 + 0?
584
In base 8, what is 3214 - 3?
3211
In base 12, what is 6 + 331?
337
In base 14, what is c3 + -b?
b6
In base 13, what is 84 + 0?
84
In base 14, what is -24c7 - 2?
-24c9
In base 4, what is 2030 + -10?
2020
In base 12, what is 80 - 4?
78
In base 6, what is -1 - 132?
-133
In base 16, what is -3 - 126?
-129
In base 13, what is 4 + 172?
176
In base 3, what is -22022200 + -10?
-22022210
In base 15, what is -5 - 26a?
-270
In base 11, what is 9 + 7?
15
In base 6, what is 4 - -142?
150
In base 16, what is 5 + -e0f?
-e0a
In base 16, what is -8 - -9?
1
In base 4, what is -20 - 1011210?
-1011230
In base 4, what is 30221 - 31?
30130
In base 12, what is -3 + 225?
222
In base 13, what is -331 + 4?
-32a
In base 7, what is 441 + -3?
435
In base 5, what is -1114 - -132?
-432
In base 7, what is -3 + -3024?
-3030
In base 9, what is -5 + 1677?
1672
In base 10, what is 5 + 71?
76
In base 3, what is -110110 - -101?
-110002
In base 2, what is 100 - 10010100001?
-10010011101
In base 11, what is 4 + aa?
103
In base 6, what is -11 + 1244?
1233
In base 4, what is -102220 - 3?
-102223
In base 2, what is -11111 - 111111110?
-1000011101
In base 13, what is ca9 - -3?
cac
In base 8, what is -2043 + -5?
-2050
In base 9, what is -246 - -51?
-185
In base 5, what is 0 + -320?
-320
In base 16, what is -1 + -b8?
-b9
In base 8, what is 30 - -1323?
1353
In base 5, what is 111 + 10?
121
In base 2, what is 110010 + -100110?
1100
In base 7, what is -5 + -12053?
-12061
In base 5, what is 3 + -4334?
-4331
In base 8, what is 4105 - -5?
4112
In base 14, what is 920 + 5?
925
In base 6, what is -13 - -1?
-12
In base 16, what is 5 - 64?
-5f
In base 16, what is -6b - -4?
-67
In base 16, what is -4c - -b8?
6c
In base 5, what is -24021 - 2?
-24023
In base 7, what is 141 + 2?
143
In base 15, what is -4 - -86d?
869
In base 11, what is 13 - -4?
17
In base 15, what is -76 + 2?
-74
In base 4, what is 11 - 101122?
-101111
In base 14, what is -55 - 34?
-89
In base 15, what is 6 + -6?
0
In base 2, what is 1011011011 + -11?
1011011000
In base 12, what is -25b5 + 3?
-25b2
In base 9, what is 5 - 125?
-120
In base 11, what is 2 - -32a?
331
In base 10, what is -134 + 1?
-133
In base 13, what is -68 + -14?
-7c
In base 9, what is 3 + 35?
38
In base 5, what is -332 + -1?
-333
In base 16, what is -5 + -1aa?
-1af
In base 4, what is 11 + -221?
-210
In base 6, what is -5440 - -4?
-5432
In base 6, what is -11111 - -14?
-11053
In base 15, what is 595 + -1?
594
In base 6, what is 505 + -3?
502
In base 6, what is -20114 + 4?
-20110
I